9 = -314. List the prime factors of c.
53
Suppose -k = -5*b - 10, 2*k = 2*b + 1 - 21. Let i = -6 - k. Let n(u) = u**2 + 2*u + 42. List the prime factors of n(i).
3, 47
What are the prime factors of (378/(-49))/9*68152/(-12)?
2, 1217
List the prime factors of (22/44*62742)/(6/4).
2, 10457
Let a(k) = -k**2 + 61*k - 168. Suppose 0 = 14*o - 211 - 321. What are the prime factors of a(o)?
2, 353
Let r(z) = -247*z**2 + 2. Let w be r(-1). Let s = w - -152. Let p = s - -164. List the prime factors of p.
71
Suppose 13*d = -s + 207121, 3*s - 8*s + 25 = 0. What are the prime factors of d?
2, 7, 569
Let a = -78 - 75. Let c(q) = -q**2 + 10*q - 3. Let s be c(7). List the prime factors of (-8 - 0)/(s/a).
2, 17
Let v be 1904/91 + 5/65. Suppose -10*p + 12493 = v*p. What are the prime factors of p?
13, 31
Let l be -4*(4 + 9/(-2)). Suppose -l*n = 4*n - 24. Let x(k) = 5*k**2 - 5. What are the prime factors of x(n)?
3, 5
Let u = 143 - 255. Let f = 117 + u. Suppose -1215 = -0*w - f*w. List the prime factors of w.
3
Let o(m) = m**3 + 5*m**2 - 6*m + 9. Let k be 2/((-4)/9)*40/30. Let b be o(k). Let p(u) = 4*u - 21. List the prime factors of p(b).
3, 5
Suppose -5*f + 6*f = 13*f - 187524. What are the prime factors of f?
3, 5209
Suppose 676 = -a + 1634. Let w = a - 429. List the prime factors of w.
23
Let a = 74356 - 41948. What are the prime factors of a?
2, 4051
Let q(v) be the third derivative of 0*v - 2/3*v**4 + 13*v**2 + 0 - 1/2*v**3. List the prime factors of q(-4).
61
Suppose -188*r + 246202 = -169*r. What are the prime factors of r?
2, 11, 19, 31
Suppose 62*m + 42*m + 1381312 = 168*m. What are the prime factors of m?
113, 191
Let b(l) = -2*l**2 + 78*l - 78. Let f be b(38). What are the prime factors of (9 + (-2765)/(-15))/(f/(-9))?
2, 3, 5, 29
Let q = -257 + 20152. What are the prime factors of q?
5, 23, 173
Let p be (108/2)/(1 + 3/6). Suppose 12*s - 16*s + p = 0. What are the prime factors of (-894)/(-9) - 3/s?
3, 11
Let k be -15 - (-945)/60 - 21/(-4). Let x(o) = 25*o**2 - o - 4. Let i be x(5). Suppose w = -k*w + i. What are the prime factors of w?
2, 11
Let n(g) = -g**3 - 22*g**2 + 23*g + 11. Let p be n(-23). Suppose -p = -2*u - 7. Suppose -o + 77 = -2*y - u*y, 3*o = -5*y + 299. List the prime factors of o.
3, 31
List the prime factors of (-1)/((-5)/8) - (-18098496)/1040.
2, 19, 229
Suppose 122*z - 116*z - 8310 = 0. Let g = 2246 - z. What are the prime factors of g?
3, 7, 41
Let o = 399 - -3569. List the prime factors of o.
2, 31
Let j(u) = -5*u + 32. Let s be j(6). Suppose -6*z + 2740 = -s*z + 4*q, 2742 = 4*z + 5*q. List the prime factors of z.
683
Let a(v) = -37*v - 5. Let k(x) = x + 1. Let p(d) = d**3 + 7*d**2 - 23*d + 4. Let z(u) = -6*k(u) - p(u). Let h be z(-9). What are the prime factors of a(h)?
2
Let c(l) = -l**3 - 32*l**2 + 69*l + 50. Let s be c(-34). Let a = 319 - s. What are the prime factors of a?
3, 101
What are the prime factors of -5316*(4/(-9))/(-1)*(-9)/6?
2, 443
Let b = -97 - -143. Let j(a) = -12 + 7*a + a**3 + b*a**2 - 22*a**2 - 29*a**2. What are the prime factors of j(8)?
2, 59
Let f(d) = -1587*d**3 - 2*d**2 - 9*d - 15. Let l be f(-2). Suppose 2*p = -35*p + l. What are the prime factors of p?
7
Let c be 135/(-6)*(-732)/10. Let n = c + -312. What are the prime factors of n?
3, 5, 89
Let f = -70639 + 104649. What are the prime factors of f?
2, 5, 19, 179
Suppose 148*z = 2*b + 146*z - 113022, -5*b = z - 282531. What are the prime factors of b?
11, 467
Let p(n) = -n**2 - 89*n - 1920. Let z be p(-53). Let q(w) = -14*w - 16 + 2*w - 2*w. List the prime factors of q(z).
2, 19
Let c(p) = -p**2 + 3*p + 6. Let v be c(4). Suppose 0 = 2*i + 5*n - 0 + 12, 0 = -v*n - 8. Suppose i*b - 582 = -2*b. List the prime factors of b.
97
Let k(f) = f**2 + 3*f - 5. Let j be k(5). List the prime factors of ((-10)/j + (-2384)/(-14))/1.
2, 5, 17
Suppose o - 2*t + 216 = 0, 0 = 5*o - 2*t + 47 + 1049. List the prime factors of o*(-8 + 4 - (-28)/8).
2, 5, 11
Let x = 115 - 0. Suppose -x = -2*w + 33. Let a = 157 - w. What are the prime factors of a?
83
Let j(y) = 802*y**2 + 7*y + 5. What are the prime factors of j(3)?
2, 1811
Let t(y) = 56*y**2 + 39*y - 43. What are the prime factors of t(-18)?
127, 137
Let k = 764 + -1084. Let p = k + 1025. What are the prime factors of p?
3, 5, 47
Let f = -1 + 6. Let r(u) = u**3 + u**2 + 8*u - 4. Let z be r(0). List the prime factors of (z/6)/((-4)/(f + 319)).
2, 3
Let x = -70 - -68. Let i be -1*(-7)/(-2)*(-4 - x). Suppose k = i*l - 3*l - 46, -4*k - 41 = -3*l. List the prime factors of l.
11
Let z(y) = -8*y**3 + 9*y**2 + 3*y + 7344. List the prime factors of z(0).
2, 3, 17
Suppose -13*f = -9*f - 10836. Suppose 10*w = 491 + f. What are the prime factors of w?
2, 5
Let j = -6018 + 17626. List the prime factors of j.
2, 1451
Let m(w) = 17 + 2*w + 6*w + 146 + 5. Let k be m(0). Let r = k - -6. What are the prime factors of r?
2, 3, 29
Suppose 245*w + 18 = 254*w. What are the prime factors of 2*21 - 1*(-7 + w)?
47
Let j(u) = -1300*u - 89. List the prime factors of j(-3).
37, 103
Let u = -35 + 33. Let a = 0 - u. Suppose 0 = a*n - 4*n + 84. List the prime factors of n.
2, 3, 7
Suppose -12*i + 864 + 720 = 0. What are the prime factors of i/(-21) + 6 - (-29520)/28?
2, 17, 31
What are the prime factors of -1 + 4853/3 + (-90)/(-270)?
3, 7, 11
Suppose 11*a = -3749 - 9330. Let y = -561 - a. What are the prime factors of y?
2, 157
Suppose 4 = i - 4*x, 0 = 3*i - 0*x + 4*x + 4. Suppose i = -2*s + 82 + 28. Suppose 7*t + s = 8*t. What are the prime factors of t?
5, 11
Suppose -24629 = -7*n + 12828. What are the prime factors of n?
5351
Let r = -8878 + 60972. What are the prime factors of r?
2, 7, 61
Suppose -7*m - 22*m + 2*m + 496287 = 0. What are the prime factors of m?
3, 11, 557
Suppose 0 = 8*g - 13*g - 865. Let w = g + -87. Let f = 402 + w. List the prime factors of f.
2, 71
Suppose 6*f - r = 3088 + 7884, 2*r - 1833 = -f. What are the prime factors of f?
31, 59
Suppose 5*s + 974 = 3*n, -2*n - 1606 = -7*s + 15*s. Suppose -2*r - 2*v = -584, -3*v = 2 + 4. Let b = s + r. What are the prime factors of b?
5, 19
Let c = 10 - -5. Let a = -11 + c. Suppose 3*w - a*w + 11 = 0. What are the prime factors of w?
11
Suppose 288 - 2184 = 6*h. Let z be 0 + h/(-28) + (-2)/7. Suppose z*f - 2260 - 732 = 0. What are the prime factors of f?
2, 17
Suppose -3*z - 5*y + 75 = z, 4*z - y = 57. Suppose -z = 5*m, 2*j - 2*m + 69 = 745. List the prime factors of j.
5, 67
Let i(v) = 106*v + 27. Let j be i(-5). Let t = 1105 + j. List the prime factors of t.
2, 7, 43
Suppose 4*o = 2*s + 2274, 4*o - 6*o = 6. Let r be (75/9 - 7)*s/2. Let m = -532 - r. What are the prime factors of m?
2, 5, 23
Suppose -4*q + q + 26 = 5*z, 12 = z + 4*q. Let a(g) = g**3 - g**2 - g - 6. Let i be a(z). Let l = -12 + i. What are the prime factors of l?
2, 13
Let z = 55 + -51. Suppose -278 = -y + 5*t + 270, -3*y = z*t - 1739. List the prime factors of y.
3, 191
Suppose 50*d - 46*d = 4540. Let m = 2255 - d. What are the prime factors of m?
2, 5, 7
Let x(m) = 822*m**3 - m**2 - 9*m + 6. List the prime factors of x(2).
2, 5, 41
Let r(v) = 4*v**3 - 24*v**2 - 66*v + 42. Let q(z) = 5*z**3 - 25*z**2 - 66*z + 40. Let t(b) = -3*q(b) + 4*r(b). What are the prime factors of t(26)?
2, 107
Suppose 132 = 5*m + 7*m. Let y = m + -10. What are the prime factors of 11704/70 + y/(-5)?
167
Let h(t) = -67 + 29 + 44 + 435*t + 16. List the prime factors of h(1).
457
Let c(t) = -t**3 - 19*t**2 - 19*t - 18. Let u be c(-18). Suppose u = -36*n + 30*n + 1026. List the prime factors of n.
3, 19
Let k(c) = -195*c - 66. Let y be k(-8). Let p be ((-4)/(-6))/(-1 - (-1498)/y). Let i = p + -144. List the prime factors of i.
3, 5, 7
Let m(w) = 470*w**2 - 169*w + 596. List the prime factors of m(13).
3, 25943
Suppose -26*f + 1203840 = 31*f. List the prime factors of f.
2, 3, 5, 11
List the prime factors of (-82)/16 + 5 + (-399)/(-56) - -38963.
2, 3, 5, 433
Let p be -3299 - ((-2)/12 - (-17)/(-6)). Let w be (3/(-6))/((-3292)/p - 1). Suppose 6*z - y = z + 534, 4*z - w = -3*y. List the prime factors of z.
2, 53
Let i = -12638 - -13532. What are the prime factors of i?
2, 3, 149
Suppose 34*z - 2*j - 167050 = 30*z, -5*j - 41767 = -z. What are the prime factors of z?
2, 7, 19, 157
Suppose -2*q = 3*m - 85, 0 = -2*q - 1 - 1. Suppose -2*a + 339 + m = 4*r, -